{"id":2,"date":"2018-10-28T16:09:38","date_gmt":"2018-10-28T15:09:38","guid":{"rendered":"http:\/\/animolistic.com\/chantier\/?page_id=2"},"modified":"2026-02-02T15:27:40","modified_gmt":"2026-02-02T14:27:40","slug":"qui-suis-je","status":"publish","type":"page","link":"https:\/\/animaolistic.com\/site\/qui-suis-je\/","title":{"rendered":"Qui suis-je ?"},"content":{"rendered":"\n<div class=\"wp-block-cover is-light\"><span aria-hidden=\"true\" class=\"wp-block-cover__background has-background-dim\"><\/span><img loading=\"lazy\" decoding=\"async\" width=\"1000\" height=\"443\" class=\"wp-block-cover__image-background wp-image-451\" alt=\"\" src=\"https:\/\/animolistic.com\/site\/wp-content\/uploads\/2019\/11\/illustration-quisuisje-1.jpg\" style=\"object-position:38% 53%\" data-object-fit=\"cover\" data-object-position=\"38% 53%\" srcset=\"https:\/\/animaolistic.com\/site\/wp-content\/uploads\/2019\/11\/illustration-quisuisje-1.jpg 1000w, https:\/\/animaolistic.com\/site\/wp-content\/uploads\/2019\/11\/illustration-quisuisje-1-300x133.jpg 300w, https:\/\/animaolistic.com\/site\/wp-content\/uploads\/2019\/11\/illustration-quisuisje-1-768x340.jpg 768w\" sizes=\"auto, (max-width: 1000px) 100vw, 1000px\" \/><div class=\"wp-block-cover__inner-container is-layout-flow wp-block-cover-is-layout-flow\">\n<p class=\"has-text-align-center has-large-font-size\">Qui suis-je ?<\/p>\n<\/div><\/div>\n\n\n\n<blockquote class=\"wp-block-quote is-style-default is-layout-flow wp-block-quote-is-layout-flow\">\n<p><em><strong>\u00ab\u00a0C&rsquo;est la diff\u00e9rence faite dans la vie des autres qui d\u00e9terminera le sens de la vie que nous avons men\u00e9e\u00a0\u00bb<\/strong><\/em><br><em><br>Nelson Mandela<\/em><\/p>\n<\/blockquote>\n\n\n<p>Des bouleversements dans ma vie \u00e9questre m\u2019am\u00e8nent \u00e0 changer mon regard sur les chevaux, les animaux et la vie en g\u00e9n\u00e9ral.<br \/>Mon chemin de vie m\u2019emm\u00e8ne alors sur la voie de l\u2019\u00e9nerg\u00e9tique et du soin, cette voie enfouie en moi depuis longtemps et que je refusais de voir pour ne pas trop me risquer hors de ma zone de confort.<br \/>C\u2019est ce parcours, enrichi de mes exp\u00e9riences et des enseignements re\u00e7us, que je propose aujourd\u2019hui, en vous accompagnant, vous ou les animaux qui partagent votre vie, vers le meilleur bien-\u00eatre possible, en m\u2019adressant \u00e0 l&rsquo;unit\u00e9 corps-esprit par des soins \u00e9nerg\u00e9tiques et holistiques bas\u00e9s sur <a href=\"https:\/\/animaolistic.com\/site\/le-shiatsu\/\">le shiatsu<\/a>, <a href=\"https:\/\/animaolistic.com\/site\/le-reiki\/\">l&rsquo;\u00e9nerg\u00e9tique orientale<\/a>, <a href=\"https:\/\/animaolistic.com\/site\/naturopathie\/\">la sinobiologie<\/a> et <a href=\"https:\/\/animaolistic.com\/site\/autres-soins-energetiques\/\">l&rsquo;aromatologie<\/a>.&nbsp;<br \/>Conform\u00e9ment \u00e0 l&rsquo;esprit du shiatsu et son code de d\u00e9ontologie, je continue de me former afin d&rsquo;approfondir et d&rsquo;enrichir ma pratique dans ces diff\u00e9rents domaines.<\/p>\n\n\n<h2 class=\"wp-block-heading\"><strong>Formations :<\/strong><\/h2>\n\n\n\n<p><br>Janvier 2026 :<br><strong>Auriculoth\u00e9rapie antalgique APA<\/strong> (Auriculo Pression Antalgique pour douleurs Aig\u00fces et Chroniques)<br>Dr Magali Meyer<br><br>Juillet 2025 :<br><strong>Shiatsu canc\u00e9rologie : traitements cibl\u00e9s<\/strong>\u00a0(radioth\u00e9rapie, curieth\u00e9rapie, hormonoth\u00e9rapie, th\u00e9rapie cibl\u00e9e, immunoth\u00e9rapie, lymphoed\u00e8me, lymphoc\u00e8le ).<br>Fanny Roque, praticienne et formatrice shiatsu, pr\u00e9sidente de la F\u00e9d\u00e9ration Fran\u00e7aise de Shiatsu Traditionnel<br>Marion Dubes, masseur kin\u00e9sith\u00e9rapeute D.E, D.U en pelvi p\u00e9rin\u00e9ologie<br><br>Mars 2025 :<br><strong>Concevoir et animer des ateliers Do-In S\u00e9niors &amp; Aidants<\/strong><br>Isabelle Rebours (\u00e9cole de shiatsu L&rsquo;esprit Tao) et H\u00e9l\u00e8ne Hourtan\u00e9 (consultante et formatrice en sant\u00e9)<br>Attestation de formation avec validation des acquis<br><br>Septembre 2024 :<br><strong>Shiatsu et pathologies des cycles menstruels<\/strong> (syndrome pr\u00e9menstruel, dysm\u00e9norrh\u00e9es, fertilit\u00e9, m\u00e9nopause, endom\u00e9triose, SOPK, trouble dysphorique pr\u00e9menstruel (TDPM).<br>Fanny Roque, praticienne et formatrice, pr\u00e9sidente de la F\u00e9d\u00e9ration Fran\u00e7aise de Shiatsu Traditionnel<br>Marion Dubes, masseur kin\u00e9sith\u00e9rapeute D.E, D.U en pelvi p\u00e9rin\u00e9ologie<br><a href=\"https:\/\/www.google.com\/maps\/d\/u\/0\/viewer?mid=1QT6rVa1qhqOiEk3_NSYNkkX3KyIKZU8&amp;ll=46.75833991854625%2C1.7851616000000043&amp;z=6\">Annuaire des praticiens form\u00e9s au Shiatsu Cycles menstruels<\/a><\/p>\n\n\n\n<p>2020 &#8211; 2025 :<br><strong>Alzheimer<\/strong> et troubles associ\u00e9s (nov. 2025)<br><strong>Acupuncture et moxibustion<\/strong> (2023 -2024)<br><strong>Pharmacop\u00e9e chinoise <\/strong>(2020 &#8211; 2023)<br><strong>Maladies mentales et \u00e9motionnelles<\/strong> (2020 \/ 2022)<br><strong>Cours ponctuels de M\u00e9decine Traditionnelle Chinoise<\/strong> (Merveilleux Vaisseaux &#8211; Gyn\u00e9cologie &#8211; Dermatologie &#8211; Diagnostic teint langue &#8211; 108 maladies du Rein&#8230;)<br>Christophe Andreau &#8211; Recherche et \u00e9tude en Sinobiologie<br>(dipl\u00f4m\u00e9 de l&rsquo;Universit\u00e9 Europ\u00e9enne de M\u00e9decine Traditionnelle Chinoise, ex-membre de la Fondation Pr LEUNG KOK YUEN)<\/p>\n\n\n\n<p>2021 \/ 2023 :<br>Webminaires Lian Institute (certificats formation continue)<br><strong>Approche, diagnostic et traitement du stress en m\u00e9decine chinoise<\/strong> (oct.2023)<br>Patrick Shan (CEDRE : Collectif d&rsquo;\u00c9tude, de D\u00e9veloppement et de Recherche en Ethnom\u00e9decine)<br><strong>Concept des armures : cuirasses corporelles<\/strong> (juin 2023)<br><strong>Impact et gestion des m\u00e9moires traumatiques <\/strong>(mai 2023)<br><strong>Esprit et \u00e9motions en m\u00e9decine chinoise <\/strong>(avril 2023)<br><strong>G\u00e9rer les chocs, la d\u00e9tresse, les deuils et la mort<\/strong> (nov. 2021)<br>Dr Hamid Montakab<br>Interne des h\u00f4pitaux, dipl\u00f4m\u00e9 d\u2019acupuncture de l\u2019AFA de Paris et de ASA et Men Wa de Hong Kong, fondateur de l\u2019\u00ab Academy of Chinese Healing Arts\u00bb en Suisse.<\/p>\n\n\n\n<p>Septembre 2021 :<br><strong>Certificat<\/strong> <strong>\u00ab\u00a0Les huiles essentielles en M\u00e9decine Chinoise\u00a0\u00bb<\/strong><br>Formation accr\u00e9dit\u00e9e par l\u2019International Practitioners of Holistic Medecine<br>Thanh-Phong Nguyen, centre Yu Long<\/p>\n\n\n\n<p>2019 \u2013 2020&nbsp;: <br><strong>Praticien Shiatsu traditionnel humain<\/strong><br>Centre Shao Yang, Marie Julliant<br>Certifi\u00e9e &#8211; adh\u00e9rente \u00e0 la F\u00e9d\u00e9ration Fran\u00e7aise de Shiatsu Traditionnel (FFST)<\/p>\n\n\n\n<p>2016 -2019&nbsp;:<br><strong>Praticien Shiatsu \u00e9quin, animalier et humain de relaxation-d\u00e9tente<\/strong><br>Ecole Ouma Te Ate, m\u00e9thode Marie Julliant<br>Certifi\u00e9e &#8211; adh\u00e9rente au Syndicat des Praticiens en Shiatsu \u00e9quin &amp; animalier<br><br>2016 \/ 2023&nbsp;:<br><strong>Aromath\u00e9rapie Quantique<\/strong> <strong>\/ Aromatologie<\/strong><br>G\u00e9niale matrice aromatique (juillet 2023)<br>Canc\u00e9rologie et huiles essentielles (mai 2023)<br>HE et isolats : le pouvoir corpusculaire des huiles essentielles (janv. 2023)<br>La biophysique : le pouvoir ignor\u00e9 des huiles essentielles (sept. 2022)<br>Femmes enceintes et huiles essentielles (juin 2022)<br>Viroses respiratoires (janv. 2021)<br>Voie orale et huiles essentielles&nbsp;(d\u00e9c. 2020)<br>R\u00e9f\u00e9rentiel hydro \u00e9lectrique (oct. 2020)<br>Aromath\u00e9rapie Quantique (avril 2019)<br>AromaBody&rsquo;Sound (avril 2019)<br>Initiation Aromath\u00e9rapie Quantique (oct. 2016)<br>Animateur en huiles essentielles QBI Niveau 1 (mai 2016)<br><strong>Dr Daniel P\u00e9no\u00ebl &#8211; Magali P\u00e9no\u00ebl (Osmobiose)<\/strong><\/p>\n\n\n\n<p>D\u00e9cembre 2019 :<br><strong>Chromatoth\u00e9rapie niveau 1<\/strong><br>Th\u00e9rapie par les couleurs (longueur d&rsquo;onde), m\u00e9thode Agrapart<br>Dr Vincent Agrapart<\/p>\n\n\n\n<p>2014 \u2013 2017&nbsp;:<br><strong>Ma\u00eetre Reiki praticien<\/strong><br>Isabelle Jacouton, Ma\u00eetre enseignant Reiki traditionnel Usui, Shiki, Ryaha, Shamballa<\/p>\n\n\n\n<p>2017 \u2013 2019&nbsp;:<br><strong>Hom\u00e9opathie<\/strong><br>L&rsquo;art de la gu\u00e9rison, m\u00e9decine anthroposophique et hom\u00e9opathique (2017 -2018)<br>Hom\u00e9opathie et alchimie (2018 \u2013 2019)<br><strong>Dr Georg Donner, v\u00e9t\u00e9rinaire<\/strong><\/p>\n\n\n\n<p>Avril 2016&nbsp;:<br><strong>Podologie Equine<\/strong><br>Parage et fonctionnement du pied niveau I<br>Guillaume Parisot \u2013 Podologie Equine Libre PEL<\/p>\n\n\n\n<p>Novembre 2015&nbsp;:<br><strong>Alternatives en M\u00e9decine \u00c9quine<br><\/strong>Dr Eric Ancelet, v\u00e9t\u00e9rinaire<\/p>\n\n\n\n<p>Mai juin juillet 2015&nbsp;:<br><strong>Comportementaliste \u00e9quin \u2013 renforcement positif (3 modules)<\/strong><br>Equitalliance  &#8211; Coralie Fournier<\/p>\n\n\n\n<p>2012&nbsp;: <br><strong>Comportementaliste canin<\/strong><br>Formation Puygrenier (formation \u00e0 distance)<\/p>\n\n\n\n<p><strong>2024<\/strong> : certificat de comp\u00e9tences de citoyen de s\u00e9curit\u00e9 civile &#8211; <strong>PSC1<\/strong><br><strong>2013<\/strong> (revalid\u00e9 en 2015)&nbsp;: <strong>Certificat de capacit\u00e9<\/strong> pour l\u2019exercice des activit\u00e9s li\u00e9es aux animaux de compagnie d\u2019esp\u00e8ces domestiques (d\u00e9livr\u00e9 par la DDPP de la Dr\u00f4me)<\/p>\n\n\n\n<h3 class=\"wp-block-heading\"><strong>Stages, ateliers et s\u00e9minaires :<\/strong><\/h3>\n\n\n\n<ul class=\"wp-block-list\">\n<li>Savoirs \u00e9thologiques 1 et 2 &#8211; Chlo\u00e9 Bureau-Roubaud (\u00c9qui-Nature)<\/li>\n\n\n\n<li>Marie-Laure Gu\u00e9not &#8211; Terres et Chevaux, agro-\u00e9cologie \u00e9quine<\/li>\n\n\n\n<li>H\u00e9l\u00e8ne Roche, \u00e9thologiste<\/li>\n\n\n\n<li>Claire Vandenbulcke \u2013 Les Chevaux d\u2019Arcand<\/li>\n\n\n\n<li>Arlette Agassis \u2013 Akita \u00e9quip\u00e9dagogie<\/li>\n\n\n\n<li>Sophie Daveau \u2013 L\u2019\u00e9cole des chevaux <\/li>\n\n\n\n<li>C\u00e9cile Roussel \u2013 EquinTsens<\/li>\n\n\n\n<li>Sabrina Peyrille (alimentation du cheval)<\/li>\n\n\n\n<li>Fran\u00e7oise Heitz, v\u00e9t\u00e9rinaire (soins du cheval au naturel, phytoth\u00e9rapie, gemmoth\u00e9rapie)<\/li>\n\n\n\n<li>Fran\u00e7oise Loshouarn et Alain Boutonnet, v\u00e9t\u00e9rinaires (laboratoire Biodalg)<\/li>\n<\/ul>\n\n\n\n<h2 class=\"wp-block-heading\"><strong>B\u00e9n\u00e9volat :<\/strong><\/h2>\n\n\n\n<p><strong>Le dispensaire de soins naturels de Crest<\/strong>, lieu convivial de soins naturels accessibles \u00e0 tous (b\u00e9n\u00e9vole shiatsu)<br><strong>La Dr\u00f4me \u00e0 Cheval<\/strong>, promotion du tourisme \u00e9questre au sein du d\u00e9partement (Membre du Conseil d&rsquo;Administration)<br><strong>Syndicat des Praticiens en Shiatsu \u00c9quin et Animalier<\/strong> : d\u00e9l\u00e9gu\u00e9e r\u00e9gionale Rh\u00f4ne-Alpes-Auvergne<\/p>\n\n\n\nngg_shortcode_0_placeholder\n","protected":false},"excerpt":{"rendered":"<p>\u00ab\u00a0C&rsquo;est la diff\u00e9rence faite dans la vie des autres qui d\u00e9terminera le sens de la vie que nous avons men\u00e9e\u00a0\u00bbNelson Mandela Des bouleversements dans ma vie \u00e9questre m\u2019am\u00e8nent \u00e0 changer mon regard sur les chevaux, les animaux et la vie en g\u00e9n\u00e9ral.Mon chemin de vie m\u2019emm\u00e8ne alors sur la voie de l\u2019\u00e9nerg\u00e9tique et du soin, [&hellip;]<\/p>\n","protected":false},"author":2,"featured_media":0,"parent":0,"menu_order":0,"comment_status":"closed","ping_status":"closed","template":"","meta":{"ngg_post_thumbnail":0,"footnotes":""},"class_list":["post-2","page","type-page","status-publish","hentry"],"yoast_head":"<!-- This site is optimized with the Yoast SEO plugin v24.5 - https:\/\/yoast.com\/wordpress\/plugins\/seo\/ -->\n<title>Qui suis-je ? &#8211; AnimaOlistic<\/title>\n<meta name=\"robots\" content=\"index, follow, max-snippet:-1, max-image-preview:large, max-video-preview:-1\" \/>\n<link rel=\"canonical\" href=\"https:\/\/animaolistic.com\/site\/qui-suis-je\/\" \/>\n<meta property=\"og:locale\" content=\"fr_FR\" \/>\n<meta property=\"og:type\" content=\"article\" \/>\n<meta property=\"og:title\" content=\"Qui suis-je ? &#8211; AnimaOlistic\" \/>\n<meta property=\"og:description\" content=\"\u00ab\u00a0C&rsquo;est la diff\u00e9rence faite dans la vie des autres qui d\u00e9terminera le sens de la vie que nous avons men\u00e9e\u00a0\u00bbNelson Mandela Des bouleversements dans ma vie \u00e9questre m\u2019am\u00e8nent \u00e0 changer mon regard sur les chevaux, les animaux et la vie en g\u00e9n\u00e9ral.Mon chemin de vie m\u2019emm\u00e8ne alors sur la voie de l\u2019\u00e9nerg\u00e9tique et du soin, [&hellip;]\" \/>\n<meta property=\"og:url\" content=\"https:\/\/animaolistic.com\/site\/qui-suis-je\/\" \/>\n<meta property=\"og:site_name\" content=\"AnimaOlistic\" \/>\n<meta property=\"article:publisher\" content=\"https:\/\/www.facebook.com\/AnimaOlistic\/\" \/>\n<meta property=\"article:modified_time\" content=\"2026-02-02T14:27:40+00:00\" \/>\n<meta property=\"og:image\" content=\"https:\/\/animaolistic.com\/site\/wp-content\/uploads\/2019\/11\/illustration-quisuisje-1.jpg\" \/>\n\t<meta property=\"og:image:width\" content=\"1000\" \/>\n\t<meta property=\"og:image:height\" content=\"443\" \/>\n\t<meta property=\"og:image:type\" content=\"image\/jpeg\" \/>\n<meta name=\"twitter:card\" content=\"summary_large_image\" \/>\n<meta name=\"twitter:label1\" content=\"Dur\u00e9e de lecture estim\u00e9e\" \/>\n\t<meta name=\"twitter:data1\" content=\"3 minutes\" \/>\n<script type=\"application\/ld+json\" class=\"yoast-schema-graph\">{\"@context\":\"https:\/\/schema.org\",\"@graph\":[{\"@type\":\"WebPage\",\"@id\":\"https:\/\/animaolistic.com\/site\/qui-suis-je\/\",\"url\":\"https:\/\/animaolistic.com\/site\/qui-suis-je\/\",\"name\":\"Qui suis-je ? &#8211; AnimaOlistic\",\"isPartOf\":{\"@id\":\"https:\/\/animaolistic.com\/site\/#website\"},\"primaryImageOfPage\":{\"@id\":\"https:\/\/animaolistic.com\/site\/qui-suis-je\/#primaryimage\"},\"image\":{\"@id\":\"https:\/\/animaolistic.com\/site\/qui-suis-je\/#primaryimage\"},\"thumbnailUrl\":\"https:\/\/animolistic.com\/site\/wp-content\/uploads\/2019\/11\/illustration-quisuisje-1.jpg\",\"datePublished\":\"2018-10-28T15:09:38+00:00\",\"dateModified\":\"2026-02-02T14:27:40+00:00\",\"breadcrumb\":{\"@id\":\"https:\/\/animaolistic.com\/site\/qui-suis-je\/#breadcrumb\"},\"inLanguage\":\"fr-FR\",\"potentialAction\":[{\"@type\":\"ReadAction\",\"target\":[\"https:\/\/animaolistic.com\/site\/qui-suis-je\/\"]}]},{\"@type\":\"ImageObject\",\"inLanguage\":\"fr-FR\",\"@id\":\"https:\/\/animaolistic.com\/site\/qui-suis-je\/#primaryimage\",\"url\":\"https:\/\/animolistic.com\/site\/wp-content\/uploads\/2019\/11\/illustration-quisuisje-1.jpg\",\"contentUrl\":\"https:\/\/animolistic.com\/site\/wp-content\/uploads\/2019\/11\/illustration-quisuisje-1.jpg\"},{\"@type\":\"BreadcrumbList\",\"@id\":\"https:\/\/animaolistic.com\/site\/qui-suis-je\/#breadcrumb\",\"itemListElement\":[{\"@type\":\"ListItem\",\"position\":1,\"name\":\"Accueil\",\"item\":\"https:\/\/animaolistic.com\/site\/\"},{\"@type\":\"ListItem\",\"position\":2,\"name\":\"Qui suis-je ?\"}]},{\"@type\":\"WebSite\",\"@id\":\"https:\/\/animaolistic.com\/site\/#website\",\"url\":\"https:\/\/animaolistic.com\/site\/\",\"name\":\"AnimaOlistic\",\"description\":\"Shiatsu et \u00e9nerg\u00e9tique orientale \u00e9quin, animalier et humain\",\"publisher\":{\"@id\":\"https:\/\/animaolistic.com\/site\/#organization\"},\"potentialAction\":[{\"@type\":\"SearchAction\",\"target\":{\"@type\":\"EntryPoint\",\"urlTemplate\":\"https:\/\/animaolistic.com\/site\/?s={search_term_string}\"},\"query-input\":{\"@type\":\"PropertyValueSpecification\",\"valueRequired\":true,\"valueName\":\"search_term_string\"}}],\"inLanguage\":\"fr-FR\"},{\"@type\":\"Organization\",\"@id\":\"https:\/\/animaolistic.com\/site\/#organization\",\"name\":\"Animaolistic\",\"url\":\"https:\/\/animaolistic.com\/site\/\",\"logo\":{\"@type\":\"ImageObject\",\"inLanguage\":\"fr-FR\",\"@id\":\"https:\/\/animaolistic.com\/site\/#\/schema\/logo\/image\/\",\"url\":\"https:\/\/animaolistic.com\/site\/wp-content\/uploads\/2019\/09\/animaolistic-logo-2.png\",\"contentUrl\":\"https:\/\/animaolistic.com\/site\/wp-content\/uploads\/2019\/09\/animaolistic-logo-2.png\",\"width\":150,\"height\":150,\"caption\":\"Animaolistic\"},\"image\":{\"@id\":\"https:\/\/animaolistic.com\/site\/#\/schema\/logo\/image\/\"},\"sameAs\":[\"https:\/\/www.facebook.com\/AnimaOlistic\/\",\"https:\/\/www.instagram.com\/animaolistic\/\",\"https:\/\/fr.linkedin.com\/in\/nathalie-hilaire-12b32592\"]}]}<\/script>\n<!-- \/ Yoast SEO plugin. -->","yoast_head_json":{"title":"Qui suis-je ? &#8211; AnimaOlistic","robots":{"index":"index","follow":"follow","max-snippet":"max-snippet:-1","max-image-preview":"max-image-preview:large","max-video-preview":"max-video-preview:-1"},"canonical":"https:\/\/animaolistic.com\/site\/qui-suis-je\/","og_locale":"fr_FR","og_type":"article","og_title":"Qui suis-je ? &#8211; AnimaOlistic","og_description":"\u00ab\u00a0C&rsquo;est la diff\u00e9rence faite dans la vie des autres qui d\u00e9terminera le sens de la vie que nous avons men\u00e9e\u00a0\u00bbNelson Mandela Des bouleversements dans ma vie \u00e9questre m\u2019am\u00e8nent \u00e0 changer mon regard sur les chevaux, les animaux et la vie en g\u00e9n\u00e9ral.Mon chemin de vie m\u2019emm\u00e8ne alors sur la voie de l\u2019\u00e9nerg\u00e9tique et du soin, [&hellip;]","og_url":"https:\/\/animaolistic.com\/site\/qui-suis-je\/","og_site_name":"AnimaOlistic","article_publisher":"https:\/\/www.facebook.com\/AnimaOlistic\/","article_modified_time":"2026-02-02T14:27:40+00:00","og_image":[{"width":1000,"height":443,"url":"https:\/\/animaolistic.com\/site\/wp-content\/uploads\/2019\/11\/illustration-quisuisje-1.jpg","type":"image\/jpeg"}],"twitter_card":"summary_large_image","twitter_misc":{"Dur\u00e9e de lecture estim\u00e9e":"3 minutes"},"schema":{"@context":"https:\/\/schema.org","@graph":[{"@type":"WebPage","@id":"https:\/\/animaolistic.com\/site\/qui-suis-je\/","url":"https:\/\/animaolistic.com\/site\/qui-suis-je\/","name":"Qui suis-je ? &#8211; AnimaOlistic","isPartOf":{"@id":"https:\/\/animaolistic.com\/site\/#website"},"primaryImageOfPage":{"@id":"https:\/\/animaolistic.com\/site\/qui-suis-je\/#primaryimage"},"image":{"@id":"https:\/\/animaolistic.com\/site\/qui-suis-je\/#primaryimage"},"thumbnailUrl":"https:\/\/animolistic.com\/site\/wp-content\/uploads\/2019\/11\/illustration-quisuisje-1.jpg","datePublished":"2018-10-28T15:09:38+00:00","dateModified":"2026-02-02T14:27:40+00:00","breadcrumb":{"@id":"https:\/\/animaolistic.com\/site\/qui-suis-je\/#breadcrumb"},"inLanguage":"fr-FR","potentialAction":[{"@type":"ReadAction","target":["https:\/\/animaolistic.com\/site\/qui-suis-je\/"]}]},{"@type":"ImageObject","inLanguage":"fr-FR","@id":"https:\/\/animaolistic.com\/site\/qui-suis-je\/#primaryimage","url":"https:\/\/animolistic.com\/site\/wp-content\/uploads\/2019\/11\/illustration-quisuisje-1.jpg","contentUrl":"https:\/\/animolistic.com\/site\/wp-content\/uploads\/2019\/11\/illustration-quisuisje-1.jpg"},{"@type":"BreadcrumbList","@id":"https:\/\/animaolistic.com\/site\/qui-suis-je\/#breadcrumb","itemListElement":[{"@type":"ListItem","position":1,"name":"Accueil","item":"https:\/\/animaolistic.com\/site\/"},{"@type":"ListItem","position":2,"name":"Qui suis-je ?"}]},{"@type":"WebSite","@id":"https:\/\/animaolistic.com\/site\/#website","url":"https:\/\/animaolistic.com\/site\/","name":"AnimaOlistic","description":"Shiatsu et \u00e9nerg\u00e9tique orientale \u00e9quin, animalier et humain","publisher":{"@id":"https:\/\/animaolistic.com\/site\/#organization"},"potentialAction":[{"@type":"SearchAction","target":{"@type":"EntryPoint","urlTemplate":"https:\/\/animaolistic.com\/site\/?s={search_term_string}"},"query-input":{"@type":"PropertyValueSpecification","valueRequired":true,"valueName":"search_term_string"}}],"inLanguage":"fr-FR"},{"@type":"Organization","@id":"https:\/\/animaolistic.com\/site\/#organization","name":"Animaolistic","url":"https:\/\/animaolistic.com\/site\/","logo":{"@type":"ImageObject","inLanguage":"fr-FR","@id":"https:\/\/animaolistic.com\/site\/#\/schema\/logo\/image\/","url":"https:\/\/animaolistic.com\/site\/wp-content\/uploads\/2019\/09\/animaolistic-logo-2.png","contentUrl":"https:\/\/animaolistic.com\/site\/wp-content\/uploads\/2019\/09\/animaolistic-logo-2.png","width":150,"height":150,"caption":"Animaolistic"},"image":{"@id":"https:\/\/animaolistic.com\/site\/#\/schema\/logo\/image\/"},"sameAs":["https:\/\/www.facebook.com\/AnimaOlistic\/","https:\/\/www.instagram.com\/animaolistic\/","https:\/\/fr.linkedin.com\/in\/nathalie-hilaire-12b32592"]}]}},"_links":{"self":[{"href":"https:\/\/animaolistic.com\/site\/wp-json\/wp\/v2\/pages\/2","targetHints":{"allow":["GET"]}}],"collection":[{"href":"https:\/\/animaolistic.com\/site\/wp-json\/wp\/v2\/pages"}],"about":[{"href":"https:\/\/animaolistic.com\/site\/wp-json\/wp\/v2\/types\/page"}],"author":[{"embeddable":true,"href":"https:\/\/animaolistic.com\/site\/wp-json\/wp\/v2\/users\/2"}],"replies":[{"embeddable":true,"href":"https:\/\/animaolistic.com\/site\/wp-json\/wp\/v2\/comments?post=2"}],"version-history":[{"count":104,"href":"https:\/\/animaolistic.com\/site\/wp-json\/wp\/v2\/pages\/2\/revisions"}],"predecessor-version":[{"id":2423,"href":"https:\/\/animaolistic.com\/site\/wp-json\/wp\/v2\/pages\/2\/revisions\/2423"}],"wp:attachment":[{"href":"https:\/\/animaolistic.com\/site\/wp-json\/wp\/v2\/media?parent=2"}],"curies":[{"name":"wp","href":"https:\/\/api.w.org\/{rel}","templated":true}]}}