{"id":289,"date":"2019-09-29T19:00:07","date_gmt":"2019-09-29T17:00:07","guid":{"rendered":"https:\/\/animolistic.com\/chantier\/?page_id=289"},"modified":"2023-01-16T13:29:54","modified_gmt":"2023-01-16T12:29:54","slug":"le-reiki","status":"publish","type":"page","link":"https:\/\/animaolistic.com\/site\/le-reiki\/","title":{"rendered":"Le Reiki"},"content":{"rendered":"\n<div class=\"wp-block-cover is-light\"><span aria-hidden=\"true\" class=\"wp-block-cover__background has-background-dim\"><\/span><img loading=\"lazy\" decoding=\"async\" width=\"1000\" height=\"431\" class=\"wp-block-cover__image-background wp-image-295\" alt=\"\" src=\"https:\/\/animolistic.com\/site\/wp-content\/uploads\/2019\/09\/illustration-reiki.jpg\" data-object-fit=\"cover\" srcset=\"https:\/\/animaolistic.com\/site\/wp-content\/uploads\/2019\/09\/illustration-reiki.jpg 1000w, https:\/\/animaolistic.com\/site\/wp-content\/uploads\/2019\/09\/illustration-reiki-300x129.jpg 300w, https:\/\/animaolistic.com\/site\/wp-content\/uploads\/2019\/09\/illustration-reiki-768x331.jpg 768w\" sizes=\"auto, (max-width: 1000px) 100vw, 1000px\" \/><div class=\"wp-block-cover__inner-container is-layout-flow wp-block-cover-is-layout-flow\">\n<p class=\"has-text-align-center has-large-font-size\">Le Reiki<\/p>\n<\/div><\/div>\n\n\n\n<blockquote class=\"wp-block-quote is-layout-flow wp-block-quote-is-layout-flow\">\n<p><em>\u00ab Si vous voulez trouver les secrets de l\u2019Univers, pensez en termes d\u2019\u00e9nergie, de fr\u00e9quence et de vibration. \u00bb<\/em><\/p>\n<cite>Nikola Tesla<\/cite><\/blockquote>\n\n\n\n<h2 class=\"wp-block-heading\">Soins \u00e9nerg\u00e9tiques Reiki :<\/h2>\n\n\n\n<p>Le Reiki est une m\u00e9thode japonaise signifiant \u00ab\u00a0l&rsquo;universel, le tout\u00a0\u00bb (Rei) et \u00a0\u00ab\u00a0\u00e9nergie vitale en mouvement\u00a0\u00bb (KI).<br>C&rsquo;est un art d&rsquo;\u00e9quilibrer les champs \u00e9nerg\u00e9tiques plus que mill\u00e9naire, red\u00e9couvert en partie au 19\u00e8me si\u00e8cle par Mikao Usui.<\/p>\n\n\n\n<p>Le Reiki est une technique de r\u00e9\u00e9quilibrage \u00e9nerg\u00e9tique <strong>par imposition des mains<\/strong>, d\u2019une grande facilit\u00e9 et puissance.<br>Le praticien place ses mains \u00e0 distance du corps, en suivant le syst\u00e8me endocrinien, plus connu en Orient sous la forme du syst\u00e8me des roues de vie, en sanscrit \u00ab&nbsp;\u00e7akra&nbsp;\u00bb&nbsp;: <strong>les chakras<\/strong>.<br>L\u2019\u00e9nergie s\u2019\u00e9coule ainsi des mains du praticien vers les diff\u00e9rents m\u00e9ridiens, \u00ab&nbsp;<strong>les Nadis<\/strong>&nbsp;\u00bb, les organes et parties du corps du receveur pour r\u00e9tablir cette rotation des <strong>roues d\u2019\u00e9nergie internes<\/strong> que sont les chakras.<br>Le r\u00e9sultat est g\u00e9n\u00e9ralement un sentiment de profonde relaxation.<br>Aucun mouvement n\u2019est n\u00e9cessaire, et conform\u00e9ment aux traditions japonaises, le soin est donn\u00e9 sans qu\u2019il soit n\u00e9cessaire d\u2019\u00f4ter ses v\u00eatements ou de se concentrer sur quoi que ce soit.<br>Un des effets imm\u00e9diats est la r\u00e9duction du stress, l\u2019acc\u00e8s libre \u00e0 l\u2019espace int\u00e9rieur sans tensions mentales, ce qui procure un sentiment de paix appr\u00e9ciable.<\/p>\n\n\n\n<p>Le Re\u00efki est une <strong>technique \u00e9nerg\u00e9tique holistique<\/strong> et compl\u00e9mentaire.<br>Id\u00e9ale pr\u00e9ventivement et en auto-traitement pour maintenir un \u00e9quilibre de vie, il a fait ses preuves dans de nombreux domaines et dans l\u2019accompagnement de fin de vie.<br>Il se combine aussi bien avec la m\u00e9decine conventionnelle occidentale qu\u2019avec les m\u00e9decines int\u00e9gratives douces.<br>Il est ainsi mis en \u0153uvre dans le cadre hospitalier par des m\u00e9decins en Suisse, en Allemagne et aux Etats-Unis.<\/p>\n\n\n\n<p>Le Reiki renforce et acc\u00e9l\u00e8re le processus naturel de gu\u00e9rison, vitalise corps et esprit, r\u00e9tablit l\u2019harmonie psychique, le bien-\u00eatre et la s\u00e9r\u00e9nit\u00e9, agit sur les plans physique, psychique et \u00e9motionnel, r\u00e9gularise la circulation \u00e9nerg\u00e9tique, dissout les blocages et favorise la d\u00e9tente, s\u2019adapte aux besoins naturels du receveur et agit indiff\u00e9remment sur les personnes, les animaux, les plantes et les situations.<\/p>\n\n\n\n<p>Le Reiki permet notamment&nbsp;:<\/p>\n\n\n\n<ul class=\"wp-block-list\">\n<li>De r\u00e9duire l&rsquo;anxi\u00e9t\u00e9 et le stress<\/li>\n\n\n\n<li>D\u2019am\u00e9liorer les probl\u00e8mes \u00e9motionnels et comportementaux<\/li>\n\n\n\n<li>De favoriser la relaxation et le bien-\u00eatre<\/li>\n\n\n\n<li>De calmer les animaux agressifs ou craintifs<\/li>\n\n\n\n<li>D\u2019aider \u00e0 soulager l&rsquo;inconfort, de renforcer le syst\u00e8me immunitaire<\/li>\n\n\n\n<li>D\u2019accompagner le r\u00e9tablissement post-op\u00e9ratoire ou traumatique <\/li>\n\n\n\n<li>De faciliter la cicatrisation (blessures, br\u00fblures\u2026)<\/li>\n\n\n\n<li>D\u2019apporter confort et apaisement \u00e0 l\u2019\u00eatre en fin de vie<\/li>\n\n\n\n<li>Mais aussi&nbsp;un r\u00e9\u00e9quilibrage et une harmonisation \u00e9nerg\u00e9tique globale.<br><br><em>Les soins \u00e9nerg\u00e9tiques Reiki peuvent \u00eatre le compl\u00e9ment d&rsquo;un traitement m\u00e9dical ou v\u00e9t\u00e9rinaire mais ne se substituent pas \u00e0 l&rsquo;avis des professionnels de la sant\u00e9.<\/em><\/li>\n<\/ul>\n\n\n\n<p><\/p>\n\n\n\n<h2 class=\"wp-block-heading\">Soins \u00e9nerg\u00e9tiques Reiki \u00e0 distance :<\/h2>\n\n\n\n<p>Les soins \u00e0 distance sont tout aussi efficaces qu\u2019en pr\u00e9sence, et sont particuli\u00e8rement adapt\u00e9s pour les animaux craintifs envers les inconnus, pour ceux n\u2019appr\u00e9ciant pas les contacts rapproch\u00e9s ou bien encore pour effectuer une s\u00e9ance malgr\u00e9 l\u2019\u00e9loignement g\u00e9ographique.<br>Pendant un traitement \u00e0 distance, le pouvoir curatif est amplifi\u00e9, et l\u2019\u00e9nergie peut \u00eatre plus puissante qu\u2019en pr\u00e9sentiel.<\/p>\n\n\n\n<h2 class=\"wp-block-heading\">Soins \u00e0 distance, comment est-ce possible&nbsp;? Pour en savoir plus\u2026<\/h2>\n\n\n\n<p>La physique quantique a boulevers\u00e9 notre vision de l&rsquo;univers dans sa structure intime la plus profonde, et le principe de \u00ab\u00a0non-s\u00e9parabilit\u00e9\u00a0\u00bb y est pour beaucoup.<br>Que nous dit ce principe ? Dans le cadre d&rsquo;une proc\u00e9dure exp\u00e9rimentale, on constate que deux corpuscules \u00e9l\u00e9mentaires (par exemple deux photons) qui ont \u00e9t\u00e9 en contact \u00e0 un moment donn\u00e9 restent unis \u00e0 tout jamais, m\u00eame en \u00e9tant s\u00e9par\u00e9s par une distance incommensurable. C&rsquo;est \u00e0 dire que toute modification touchant \u00e0 l&rsquo;un des photons sera transmise instantan\u00e9ment, au-del\u00e0 de l&rsquo;espace-temps, \u00e0 l&rsquo;autre photon qui lui est corr\u00e9l\u00e9. Ainsi, deux photons qui seraient s\u00e9par\u00e9s par une distance d&rsquo;un milliard d&rsquo;ann\u00e9es lumi\u00e8re devraient mettre un milliard d&rsquo;ann\u00e9es \u00e0 transmettre une information de l&rsquo;un vers l&rsquo;autre. En r\u00e9alit\u00e9, ce milliard d&rsquo;ann\u00e9es se r\u00e9duit \u00e0 rien, puisque tout se passe instantan\u00e9ment.<br>Le fait de r\u00e9aliser la conjonction simultan\u00e9e de l&rsquo;aspect ondulatoire et de l&rsquo;aspect corpusculaire \u00e9quivaut \u00e0 une r\u00e9volution mentale, particuli\u00e8rement pour le mode de pens\u00e9e occidentale.<br><br>La physique quantique s&rsquo;occupe des particules \u00e9l\u00e9mentaires et de l&rsquo;infiniment petit. La \u00ab\u00a0relativit\u00e9\u00a0\u00bb nous emm\u00e8ne vers des espaces infiniment lointains. Cela a r\u00e9volutionn\u00e9 notre fa\u00e7on de consid\u00e9rer l&rsquo;univers.<br>En physique classique, les domaines sont nettement s\u00e9par\u00e9s, il existe l&rsquo;espace d&rsquo;une part, et le temps d&rsquo;autre part. Il y a la mati\u00e8re d&rsquo;un c\u00f4t\u00e9 et l&rsquo;\u00e9nergie de l&rsquo;autre. Avec la \u00ab\u00a0relativit\u00e9\u00a0\u00bb, il se produit une sorte de fusionnement. On pourrait parler de l&rsquo;unit\u00e9 \u00ab\u00a0\u00c9nergie-Temps-Espace-Mati\u00e8re\u00a0\u00bb.<br>Il s&rsquo;agit, \u00e0 notre \u00e9chelle terrestre, de prendre en consid\u00e9ration cette continuit\u00e9 espace-temps sous l&rsquo;angle de l&rsquo;\u00e9volution du monde v\u00e9g\u00e9tal et animal.<br><br>L&rsquo;\u00e9change est possible parce qu&rsquo;\u00e0 la fois le praticien, le receveur et l&rsquo;unit\u00e9 espace-temps sont reli\u00e9s en dehors de l&rsquo;espace, o\u00f9 notre r\u00e9alit\u00e9 \u00e0 trois dimensions n&rsquo;a plus lieu d&rsquo;\u00eatre et ne peut plus imposer de restrictions.<br>Le mouvement des souffles, l&rsquo;\u00e9tat de pr\u00e9sence et la reliance entre le monde cr\u00e9\u00e9 et le monde cr\u00e9ateur trouvent leur point de convergence dans la capacit\u00e9 \u00e0 obtenir du mental une neutralit\u00e9, un point d&rsquo;attention pure.<br>Un tel \u00e9tat \u00ab&nbsp;au-del\u00e0 de l\u2019espace&nbsp;\u00bb, bien que nous ne puissions l\u2019observer avec nos sens, existe n\u00e9anmoins.<br>C\u2019est cet \u00e9tat qui rend possible les soins \u00e0 distance, mais aussi le traitement de situations pass\u00e9es ou futures.<br><br><\/p>\n","protected":false},"excerpt":{"rendered":"<p>\u00ab Si vous voulez trouver les secrets de l\u2019Univers, pensez en termes d\u2019\u00e9nergie, de fr\u00e9quence et de vibration. \u00bb Nikola Tesla Soins \u00e9nerg\u00e9tiques Reiki : Le Reiki est une m\u00e9thode japonaise signifiant \u00ab\u00a0l&rsquo;universel, le tout\u00a0\u00bb (Rei) et \u00a0\u00ab\u00a0\u00e9nergie vitale en mouvement\u00a0\u00bb (KI).C&rsquo;est un art d&rsquo;\u00e9quilibrer les champs \u00e9nerg\u00e9tiques plus que mill\u00e9naire, red\u00e9couvert en partie au [&hellip;]<\/p>\n","protected":false},"author":2,"featured_media":0,"parent":0,"menu_order":0,"comment_status":"closed","ping_status":"closed","template":"","meta":{"ngg_post_thumbnail":0,"footnotes":""},"class_list":["post-289","page","type-page","status-publish","hentry"],"yoast_head":"<!-- This site is optimized with the Yoast SEO plugin v24.5 - https:\/\/yoast.com\/wordpress\/plugins\/seo\/ -->\n<title>Le Reiki &#8211; AnimaOlistic<\/title>\n<meta name=\"robots\" content=\"index, follow, max-snippet:-1, max-image-preview:large, max-video-preview:-1\" \/>\n<link rel=\"canonical\" href=\"https:\/\/animaolistic.com\/site\/le-reiki\/\" \/>\n<meta property=\"og:locale\" content=\"fr_FR\" \/>\n<meta property=\"og:type\" content=\"article\" \/>\n<meta property=\"og:title\" content=\"Le Reiki &#8211; AnimaOlistic\" \/>\n<meta property=\"og:description\" content=\"\u00ab Si vous voulez trouver les secrets de l\u2019Univers, pensez en termes d\u2019\u00e9nergie, de fr\u00e9quence et de vibration. \u00bb Nikola Tesla Soins \u00e9nerg\u00e9tiques Reiki : Le Reiki est une m\u00e9thode japonaise signifiant \u00ab\u00a0l&rsquo;universel, le tout\u00a0\u00bb (Rei) et \u00a0\u00ab\u00a0\u00e9nergie vitale en mouvement\u00a0\u00bb (KI).C&rsquo;est un art d&rsquo;\u00e9quilibrer les champs \u00e9nerg\u00e9tiques plus que mill\u00e9naire, red\u00e9couvert en partie au [&hellip;]\" \/>\n<meta property=\"og:url\" content=\"https:\/\/animaolistic.com\/site\/le-reiki\/\" \/>\n<meta property=\"og:site_name\" content=\"AnimaOlistic\" \/>\n<meta property=\"article:publisher\" content=\"https:\/\/www.facebook.com\/AnimaOlistic\/\" \/>\n<meta property=\"article:modified_time\" content=\"2023-01-16T12:29:54+00:00\" \/>\n<meta property=\"og:image\" content=\"https:\/\/animolistic.com\/site\/wp-content\/uploads\/2019\/09\/illustration-reiki.jpg\" \/>\n<meta name=\"twitter:card\" content=\"summary_large_image\" \/>\n<meta name=\"twitter:label1\" content=\"Dur\u00e9e de lecture estim\u00e9e\" \/>\n\t<meta name=\"twitter:data1\" content=\"5 minutes\" \/>\n<script type=\"application\/ld+json\" class=\"yoast-schema-graph\">{\"@context\":\"https:\/\/schema.org\",\"@graph\":[{\"@type\":\"WebPage\",\"@id\":\"https:\/\/animaolistic.com\/site\/le-reiki\/\",\"url\":\"https:\/\/animaolistic.com\/site\/le-reiki\/\",\"name\":\"Le Reiki &#8211; AnimaOlistic\",\"isPartOf\":{\"@id\":\"https:\/\/animaolistic.com\/site\/#website\"},\"primaryImageOfPage\":{\"@id\":\"https:\/\/animaolistic.com\/site\/le-reiki\/#primaryimage\"},\"image\":{\"@id\":\"https:\/\/animaolistic.com\/site\/le-reiki\/#primaryimage\"},\"thumbnailUrl\":\"https:\/\/animolistic.com\/site\/wp-content\/uploads\/2019\/09\/illustration-reiki.jpg\",\"datePublished\":\"2019-09-29T17:00:07+00:00\",\"dateModified\":\"2023-01-16T12:29:54+00:00\",\"breadcrumb\":{\"@id\":\"https:\/\/animaolistic.com\/site\/le-reiki\/#breadcrumb\"},\"inLanguage\":\"fr-FR\",\"potentialAction\":[{\"@type\":\"ReadAction\",\"target\":[\"https:\/\/animaolistic.com\/site\/le-reiki\/\"]}]},{\"@type\":\"ImageObject\",\"inLanguage\":\"fr-FR\",\"@id\":\"https:\/\/animaolistic.com\/site\/le-reiki\/#primaryimage\",\"url\":\"https:\/\/animolistic.com\/site\/wp-content\/uploads\/2019\/09\/illustration-reiki.jpg\",\"contentUrl\":\"https:\/\/animolistic.com\/site\/wp-content\/uploads\/2019\/09\/illustration-reiki.jpg\"},{\"@type\":\"BreadcrumbList\",\"@id\":\"https:\/\/animaolistic.com\/site\/le-reiki\/#breadcrumb\",\"itemListElement\":[{\"@type\":\"ListItem\",\"position\":1,\"name\":\"Accueil\",\"item\":\"https:\/\/animaolistic.com\/site\/\"},{\"@type\":\"ListItem\",\"position\":2,\"name\":\"Le Reiki\"}]},{\"@type\":\"WebSite\",\"@id\":\"https:\/\/animaolistic.com\/site\/#website\",\"url\":\"https:\/\/animaolistic.com\/site\/\",\"name\":\"AnimaOlistic\",\"description\":\"Shiatsu et \u00e9nerg\u00e9tique orientale \u00e9quin, animalier et humain\",\"publisher\":{\"@id\":\"https:\/\/animaolistic.com\/site\/#organization\"},\"potentialAction\":[{\"@type\":\"SearchAction\",\"target\":{\"@type\":\"EntryPoint\",\"urlTemplate\":\"https:\/\/animaolistic.com\/site\/?s={search_term_string}\"},\"query-input\":{\"@type\":\"PropertyValueSpecification\",\"valueRequired\":true,\"valueName\":\"search_term_string\"}}],\"inLanguage\":\"fr-FR\"},{\"@type\":\"Organization\",\"@id\":\"https:\/\/animaolistic.com\/site\/#organization\",\"name\":\"Animaolistic\",\"url\":\"https:\/\/animaolistic.com\/site\/\",\"logo\":{\"@type\":\"ImageObject\",\"inLanguage\":\"fr-FR\",\"@id\":\"https:\/\/animaolistic.com\/site\/#\/schema\/logo\/image\/\",\"url\":\"https:\/\/animaolistic.com\/site\/wp-content\/uploads\/2019\/09\/animaolistic-logo-2.png\",\"contentUrl\":\"https:\/\/animaolistic.com\/site\/wp-content\/uploads\/2019\/09\/animaolistic-logo-2.png\",\"width\":150,\"height\":150,\"caption\":\"Animaolistic\"},\"image\":{\"@id\":\"https:\/\/animaolistic.com\/site\/#\/schema\/logo\/image\/\"},\"sameAs\":[\"https:\/\/www.facebook.com\/AnimaOlistic\/\",\"https:\/\/www.instagram.com\/animaolistic\/\",\"https:\/\/fr.linkedin.com\/in\/nathalie-hilaire-12b32592\"]}]}<\/script>\n<!-- \/ Yoast SEO plugin. -->","yoast_head_json":{"title":"Le Reiki &#8211; AnimaOlistic","robots":{"index":"index","follow":"follow","max-snippet":"max-snippet:-1","max-image-preview":"max-image-preview:large","max-video-preview":"max-video-preview:-1"},"canonical":"https:\/\/animaolistic.com\/site\/le-reiki\/","og_locale":"fr_FR","og_type":"article","og_title":"Le Reiki &#8211; AnimaOlistic","og_description":"\u00ab Si vous voulez trouver les secrets de l\u2019Univers, pensez en termes d\u2019\u00e9nergie, de fr\u00e9quence et de vibration. \u00bb Nikola Tesla Soins \u00e9nerg\u00e9tiques Reiki : Le Reiki est une m\u00e9thode japonaise signifiant \u00ab\u00a0l&rsquo;universel, le tout\u00a0\u00bb (Rei) et \u00a0\u00ab\u00a0\u00e9nergie vitale en mouvement\u00a0\u00bb (KI).C&rsquo;est un art d&rsquo;\u00e9quilibrer les champs \u00e9nerg\u00e9tiques plus que mill\u00e9naire, red\u00e9couvert en partie au [&hellip;]","og_url":"https:\/\/animaolistic.com\/site\/le-reiki\/","og_site_name":"AnimaOlistic","article_publisher":"https:\/\/www.facebook.com\/AnimaOlistic\/","article_modified_time":"2023-01-16T12:29:54+00:00","og_image":[{"url":"https:\/\/animolistic.com\/site\/wp-content\/uploads\/2019\/09\/illustration-reiki.jpg","type":"","width":"","height":""}],"twitter_card":"summary_large_image","twitter_misc":{"Dur\u00e9e de lecture estim\u00e9e":"5 minutes"},"schema":{"@context":"https:\/\/schema.org","@graph":[{"@type":"WebPage","@id":"https:\/\/animaolistic.com\/site\/le-reiki\/","url":"https:\/\/animaolistic.com\/site\/le-reiki\/","name":"Le Reiki &#8211; AnimaOlistic","isPartOf":{"@id":"https:\/\/animaolistic.com\/site\/#website"},"primaryImageOfPage":{"@id":"https:\/\/animaolistic.com\/site\/le-reiki\/#primaryimage"},"image":{"@id":"https:\/\/animaolistic.com\/site\/le-reiki\/#primaryimage"},"thumbnailUrl":"https:\/\/animolistic.com\/site\/wp-content\/uploads\/2019\/09\/illustration-reiki.jpg","datePublished":"2019-09-29T17:00:07+00:00","dateModified":"2023-01-16T12:29:54+00:00","breadcrumb":{"@id":"https:\/\/animaolistic.com\/site\/le-reiki\/#breadcrumb"},"inLanguage":"fr-FR","potentialAction":[{"@type":"ReadAction","target":["https:\/\/animaolistic.com\/site\/le-reiki\/"]}]},{"@type":"ImageObject","inLanguage":"fr-FR","@id":"https:\/\/animaolistic.com\/site\/le-reiki\/#primaryimage","url":"https:\/\/animolistic.com\/site\/wp-content\/uploads\/2019\/09\/illustration-reiki.jpg","contentUrl":"https:\/\/animolistic.com\/site\/wp-content\/uploads\/2019\/09\/illustration-reiki.jpg"},{"@type":"BreadcrumbList","@id":"https:\/\/animaolistic.com\/site\/le-reiki\/#breadcrumb","itemListElement":[{"@type":"ListItem","position":1,"name":"Accueil","item":"https:\/\/animaolistic.com\/site\/"},{"@type":"ListItem","position":2,"name":"Le Reiki"}]},{"@type":"WebSite","@id":"https:\/\/animaolistic.com\/site\/#website","url":"https:\/\/animaolistic.com\/site\/","name":"AnimaOlistic","description":"Shiatsu et \u00e9nerg\u00e9tique orientale \u00e9quin, animalier et humain","publisher":{"@id":"https:\/\/animaolistic.com\/site\/#organization"},"potentialAction":[{"@type":"SearchAction","target":{"@type":"EntryPoint","urlTemplate":"https:\/\/animaolistic.com\/site\/?s={search_term_string}"},"query-input":{"@type":"PropertyValueSpecification","valueRequired":true,"valueName":"search_term_string"}}],"inLanguage":"fr-FR"},{"@type":"Organization","@id":"https:\/\/animaolistic.com\/site\/#organization","name":"Animaolistic","url":"https:\/\/animaolistic.com\/site\/","logo":{"@type":"ImageObject","inLanguage":"fr-FR","@id":"https:\/\/animaolistic.com\/site\/#\/schema\/logo\/image\/","url":"https:\/\/animaolistic.com\/site\/wp-content\/uploads\/2019\/09\/animaolistic-logo-2.png","contentUrl":"https:\/\/animaolistic.com\/site\/wp-content\/uploads\/2019\/09\/animaolistic-logo-2.png","width":150,"height":150,"caption":"Animaolistic"},"image":{"@id":"https:\/\/animaolistic.com\/site\/#\/schema\/logo\/image\/"},"sameAs":["https:\/\/www.facebook.com\/AnimaOlistic\/","https:\/\/www.instagram.com\/animaolistic\/","https:\/\/fr.linkedin.com\/in\/nathalie-hilaire-12b32592"]}]}},"_links":{"self":[{"href":"https:\/\/animaolistic.com\/site\/wp-json\/wp\/v2\/pages\/289","targetHints":{"allow":["GET"]}}],"collection":[{"href":"https:\/\/animaolistic.com\/site\/wp-json\/wp\/v2\/pages"}],"about":[{"href":"https:\/\/animaolistic.com\/site\/wp-json\/wp\/v2\/types\/page"}],"author":[{"embeddable":true,"href":"https:\/\/animaolistic.com\/site\/wp-json\/wp\/v2\/users\/2"}],"replies":[{"embeddable":true,"href":"https:\/\/animaolistic.com\/site\/wp-json\/wp\/v2\/comments?post=289"}],"version-history":[{"count":21,"href":"https:\/\/animaolistic.com\/site\/wp-json\/wp\/v2\/pages\/289\/revisions"}],"predecessor-version":[{"id":1692,"href":"https:\/\/animaolistic.com\/site\/wp-json\/wp\/v2\/pages\/289\/revisions\/1692"}],"wp:attachment":[{"href":"https:\/\/animaolistic.com\/site\/wp-json\/wp\/v2\/media?parent=289"}],"curies":[{"name":"wp","href":"https:\/\/api.w.org\/{rel}","templated":true}]}}