{"id":373,"date":"2019-10-17T21:30:30","date_gmt":"2019-10-17T19:30:30","guid":{"rendered":"https:\/\/animolistic.com\/chantier\/?page_id=373"},"modified":"2026-03-02T17:32:41","modified_gmt":"2026-03-02T16:32:41","slug":"les-seances-humain","status":"publish","type":"page","link":"https:\/\/animaolistic.com\/site\/les-seances-humain\/","title":{"rendered":"Les s\u00e9ances : humain"},"content":{"rendered":"\n<div class=\"wp-block-cover\"><span aria-hidden=\"true\" class=\"wp-block-cover__background has-background-dim\" style=\"background-color:#a26258\"><\/span><img loading=\"lazy\" decoding=\"async\" width=\"1080\" height=\"1440\" class=\"wp-block-cover__image-background wp-image-2179\" alt=\"\" src=\"https:\/\/animaolistic.com\/site\/wp-content\/uploads\/472163334_1145796600887439_5823217983860243435_n.jpg\" style=\"object-position:23% 40%\" data-object-fit=\"cover\" data-object-position=\"23% 40%\" srcset=\"https:\/\/animaolistic.com\/site\/wp-content\/uploads\/472163334_1145796600887439_5823217983860243435_n.jpg 1080w, https:\/\/animaolistic.com\/site\/wp-content\/uploads\/472163334_1145796600887439_5823217983860243435_n-225x300.jpg 225w, https:\/\/animaolistic.com\/site\/wp-content\/uploads\/472163334_1145796600887439_5823217983860243435_n-768x1024.jpg 768w\" sizes=\"auto, (max-width: 1080px) 100vw, 1080px\" \/><div class=\"wp-block-cover__inner-container is-layout-flow wp-block-cover-is-layout-flow\">\n<p class=\"has-text-align-center has-large-font-size\">Les s\u00e9ances :<br>humain<\/p>\n<\/div><\/div>\n\n\n\n<blockquote class=\"wp-block-quote is-layout-flow wp-block-quote-is-layout-flow\">\n<p><em>\u00ab Le corps est \u00e0 l&rsquo;esprit ce que les touches d&rsquo;un piano sont \u00e0 la symphonie. \u00bb<\/em><\/p>\n<cite>Boris Cyrulnik<\/cite><\/blockquote>\n\n\n\n<h2 class=\"wp-block-heading\">Shiatsu et soins \u00e9nerg\u00e9tiques humain<\/h2>\n\n\n\n<p><br><strong>A DOMICILE ou ACCUEIL EN CABINET <\/strong>: <br><strong>\u2013 Cabinet Espace Ressources<\/strong>, 105 place des Papetteries Latune \u00e0\u00a0Mirabel et Blacons 26400<br>Le lundi \u00e0 partir de 13h, sur rendez-vous<br><strong>\u2013 Cabinet de CREST\u00a0<\/strong>: sur rendez-vous, au Dispensaire de Soins Naturels \u2013 21 avenue des Arbres \u00c9crits \u2013 b\u00e2timent A \u2013 26400 CREST<br><br>Les soins \u00e9nerg\u00e9tiques que je propose sont bas\u00e9s sur le<a href=\"https:\/\/animaolistic.com\/site\/le-shiatsu\/\"> <strong>Shiatsu<\/strong><\/a> et l&rsquo;\u00e9nerg\u00e9tique orientale (MTC), mais font appel \u00e0 d\u2019autres m\u00e9thodes, telles que le <strong><a href=\"https:\/\/animolistic.com\/site\/le-reiki\/\">Re\u00efki<\/a><\/strong> et l<strong>&lsquo;<a href=\"https:\/\/animaolistic.com\/site\/autres-soins-energetiques\/\">Aromatologie<\/a><\/strong> et la <strong><a href=\"https:\/\/animaolistic.com\/site\/naturopathie\/\">Sinobiologie<\/a><\/strong>.<br><br>Inspir\u00e9 de l&rsquo;\u00e9nerg\u00e9tique chinoise, le shiatsu r\u00e9tablit la libre circulation de l\u2019\u00e9nergie vitale (KI ou QI) dans le corps. Au Japon, c&rsquo;est une th\u00e9rapie manuelle reconnue officiellement depuis 1955 par le minist\u00e8re de la sant\u00e9. En Europe le shiatsu est reconnu en Autriche et en Suisse.<br>En tant que th\u00e9rapie manuelle d&rsquo;origine japonaise, le shiatsu entre dans la cat\u00e9gorie des m\u00e9decines traditionnelles cit\u00e9es par l&rsquo;Organisation mondiale de la sant\u00e9 (OMS), il est largement pratiqu\u00e9 en France o\u00f9 il rencontre de plus en plus de succ\u00e8s.<br><br>Le shiatsu, en accord avec la philosophie tao\u00efste, intervient avant tout dans\u00a0<strong>un travail de pr\u00e9servation<\/strong>\u00a0pour renforcer la qualit\u00e9 des tissus, la vitalit\u00e9 et la d\u00e9toxication du corps, id\u00e9alement<strong> 4 fois par an<\/strong> \u00e0 chaque changement de saison.<br>Il s&rsquo;int\u00e9resse \u00e0 la pr\u00e9servation de l&rsquo;\u00e9tat de sant\u00e9 et permet de traiter diff\u00e9rents troubles fonctionnels, voire organiques sp\u00e9cifiques, \u00e0 partir des apports de la M\u00e9decine Traditionnelle Chinoise.<br>Le praticien shiatsu intervient donc <strong>en pr\u00e9ventif<\/strong>, mais \u00e9galement lors de <strong>d\u00e9sordres physiques et psychiques<\/strong>.<br>Le r\u00e9\u00e9quilibrage \u00e9nerg\u00e9tique s\u2018\u00e9tablit dans ce cas en une ou plusieurs s\u00e9ances cons\u00e9cutives, espac\u00e9es de de deux \u00e0 trois semaines.<\/p>\n\n\n\n<p><strong>Pourquoi recevoir un shiatsu ?<\/strong><\/p>\n\n\n\n<ul class=\"wp-block-list\">\n<li><strong>Revitaliser l\u2019organisme, le pr\u00e9parer aux changements de saison<\/strong> (4 s\u00e9ances par an)<\/li>\n\n\n\n<li>Optimiser le flux<strong> <\/strong>lymphatique et sanguin,<\/li>\n\n\n\n<li>Soulager les tensions musculaires, les<strong> <\/strong>troubles articulaires, les blocages du dos<\/li>\n\n\n\n<li>R\u00e9tablir le syst\u00e8me de <strong>d\u00e9fense naturelle<\/strong> de l\u2019organisme,<\/li>\n\n\n\n<li>Favoriser la souplesse des muscles, la pr\u00e9paration et la r\u00e9cup\u00e9ration sportive<\/li>\n\n\n\n<li>Soulager les tensions abdominales, les troubles digestifs, la constipation ou diarrh\u00e9e,<\/li>\n\n\n\n<li>Relaxer le receveur tout en accentuant sa concentration,<\/li>\n\n\n\n<li><strong>Apaiser les \u00e9tats d&rsquo;\u00e2me :<\/strong>&nbsp;stress, tensions, migraines, nervosit\u00e9, anxi\u00e9t\u00e9, troubles du sommeil, soutien \u00e0 l&rsquo;arr\u00eat de d\u00e9pendances (tabac, alimentaires, alcool&#8230;), fatigue (surmenage intellectuel, manque d\u2019entrain&#8230;), troubles \u00e9motionnels (col\u00e8re, peurs, tristesse, chocs, agitation mentale, adaptation aux changements de vie&#8230;)<\/li>\n\n\n\n<li><strong>Apporter un mieux-vivre aux s\u00e9niors<\/strong> <strong>et grands s\u00e9niors<\/strong>, am\u00e9liorer l&rsquo;\u00e9quilibre, les capacit\u00e9s physiologiques et cognitives,<\/li>\n\n\n\n<li><strong>Accompagner les troubles du cycle menstruel<\/strong> : endom\u00e9triose, syndrome pr\u00e9menstruel, syndrome des ovaires polykystiques, trouble dysphorique pr\u00e9menstruel, soutien de la fertilit\u00e9 et du parcours de PMA : protocole sp\u00e9cifique d&rsquo;accompagnement par le shiatsu (<a href=\"https:\/\/www.google.com\/maps\/d\/u\/0\/viewer?mid=1QT6rVa1qhqOiEk3_NSYNkkX3KyIKZU8&amp;ll=46.75833991854625%2C1.7851616000000043&amp;z=6\">Fanny Roque Formations<\/a>)<\/li>\n\n\n\n<li><strong>Accompagner le parcours de soins m\u00e9dicaux en canc\u00e9rologie, traitements cibl\u00e9s <\/strong> (radioth\u00e9rapie, curieth\u00e9rapie, hormonoth\u00e9rapie, immunoth\u00e9rapie, lymphoed\u00e8mes, lymphoc\u00e8les) : apport compl\u00e9mentaire par le shiatsu afin d&rsquo;apporter confort et bien-\u00eatre aux personnes suivies m\u00e9dicalement (<a href=\"https:\/\/www.fannyroque.fr\/formation-shiatsu-cancer-traitements-cibles\">Fanny Roque Formations<\/a>)<br><\/li>\n<\/ul>\n\n\n\n<p>Le premier effet ressenti est une <strong>profonde relaxation<\/strong>. En r\u00e9gulant la circulation de l&rsquo;\u00e9nergie dans tout l&rsquo;organisme, le shiatsu procure une grande d\u00e9contraction musculaire et mentale, et participe \u00e0 un meilleur fonctionnement de tout le m\u00e9tabolisme. Cette d\u00e9tente s&rsquo;accompagne de bienfaits sur l&rsquo;entretien de la sant\u00e9.<br>C\u2019est une m\u00e9thode douce pour agir en profondeur sur <strong>l&rsquo;\u00e9quilibre physique et psychique<\/strong>, qui travaille sur tous les grands syst\u00e8mes physiologiques&nbsp;: tendineux, osseux, musculaire, lymphatique, digestif, respiratoire, cutan\u00e9, circulatoire, endocrinien\u2026<br>Le shiatsu apporte confort, d\u00e9tente et bien-\u00eatre en agissant sur les <strong>d\u00e9s\u00e9quilibres \u00e9nerg\u00e9tiques du corps et de l\u2019esprit<\/strong>.<\/p>\n\n\n\n<p><em>N.B :<br>Le shiatsu intervient en compl\u00e9ment des autres corps de m\u00e9tier de la sant\u00e9. <\/em><br><em>Il ne remplace en aucun cas leur intervention. La d\u00e9ontologie du praticien implique de travailler dans le cadre de nos comp\u00e9tences et de bien poser les limites de notre action. Le travail en shiatsu humain vient en compl\u00e9ment de celui du m\u00e9decin, des professionnels de la sant\u00e9 ou de l\u2019ost\u00e9opathe.<\/em><\/p>\n\n\n\n<h2 class=\"wp-block-heading\">D\u00e9roulement de la s\u00e9ance et pr\u00e9cautions \u00e9ventuelles<\/h2>\n\n\n\n<p>La dur\u00e9e de la s\u00e9ance est d\u2019environ 1h30 pour un shiatsu traditionnel, et d&rsquo;une heure pour un shiatsu cibl\u00e9. <br>Elle peut s&rsquo;effectuer au choix <strong>\u00e0 votre domicile<\/strong>, <strong>en cabinet<\/strong>, ou en duo humain\/canin\/f\u00e9lin au<strong> centre canin O&rsquo;CANEO<\/strong> <strong>VALENCE<\/strong>).<br>La s\u00e9ance se d\u00e9roule sur un matelas futon traditionnel pos\u00e9 au sol. <br>Une synergie d&rsquo;huiles essentielles vous sera propos\u00e9e en olfaction, pour un travail d\u2019harmonisation en <a href=\"https:\/\/animaolistic.com\/site\/autres-soins-energetiques\/\">aromatologie<\/a>.<br>Pour le confort des personnes ayant des difficult\u00e9s \u00e0 s\u2019allonger au sol (shiatsu traditionnel), je suis \u00e9galement \u00e9quip\u00e9e d\u2019une table adapt\u00e9e \u00e0 cette pratique. N\u2019h\u00e9sitez pas \u00e0 me signaler si vous pr\u00e9f\u00e9rez cette option lors de la prise de rendez-vous.<\/p>\n\n\n\n<p>Un shiatsu se pratique <strong>sur les v\u00eatements<\/strong>, pr\u00e9voyez une <strong>tenue souple et confortable<\/strong>, ainsi que des <strong>chaussettes<\/strong>.<br>Un shiatsu <strong>sur chaise<\/strong> dure environ 30 mn et peut s\u2019effectuer partout.<br>Le Shiatsu peut convenir \u00e0 tous les publics, incluant les enfants, personnes \u00e2g\u00e9es, handicap\u00e9es et femmes enceintes. La position et le soin seront adapt\u00e9s aux possibilit\u00e9s de chacun.<\/p>\n\n\n\n<p><strong>D\u00e9roulement de la s\u00e9ance de shiatsu traditionnel&nbsp;:<\/strong><br>Apr\u00e8s un temps d&rsquo;\u00e9change et le choix des huiles essentielles, j&rsquo;\u00e9tablis tout d\u2019abord un bilan \u00e9nerg\u00e9tique et affine la recherche des d\u00e9s\u00e9quilibres par une approche tactile.<br>Le travail en shiatsu se fait par pressions avec les mains et les doigts (Shi = doigt, Atsu = pression), des massages, mobilisations et \u00e9tirements selon les besoins.<br>Le shiatsu fait appel \u00e0 l&rsquo;\u00e9nerg\u00e9tique chinoise pour associer des d\u00e9s\u00e9quilibres \u00e0 un organe (Foie, Rein, C\u0153ur, Poumon, Rate\u2026). Tous les organes repr\u00e9sentent des fonctions dans le corps. Cela permet d\u2019avoir un travail plus cibl\u00e9 sur les probl\u00e9matiques rencontr\u00e9es.<br>Une attention particuli\u00e8re est port\u00e9e sur les m\u00e9ridiens en d\u00e9s\u00e9quilibre, par <strong>digipression de points tsubos<\/strong> <strong>et de zones r\u00e9flexes<\/strong> qui vont r\u00e9tablir la libre circulation \u00e9nerg\u00e9tique.<br><br>Pour compl\u00e9ter et renforcer ce travail, je termine la s\u00e9ance par un temps de <a href=\"https:\/\/animolistic.com\/site\/le-shiatsu\/\"><strong>moxibustion<\/strong><\/a>. <br>Le moxa (b\u00e2ton d\u2018armoise rendu incandescent) permet, gr\u00e2ce \u00e0 sa chaleur, de <strong>stimuler des points particuliers<\/strong> (tsubos) choisis pour leurs vertus \u00e9nerg\u00e9tiques et un r\u00e9\u00e9quilibrage global.<br>La s\u00e9ance se termine par un temps de retour \u00e0 soi, suivi de quelques conseils pour prolonger les bienfaits du shiatsu au quotidien.<\/p>\n\n\n\n<p><strong>Apr\u00e8s une s\u00e9ance<\/strong> de shiatsu, pr\u00e9voyez un temps de repos, et \u00e9vitez les gros efforts <strong>durant les 48 heures<\/strong> qui suivent.<br><\/p>\n\n\n\n<p><strong>Shiatsu sur chaise, \u00e0 quoi s&rsquo;attendre ?<\/strong><br>Inspir\u00e9 des techniques manuelles japonaises, le Shiatsu assis Anma est tr\u00e8s utilis\u00e9 pour les s\u00e9ances en entreprises.<br><strong>Les bienfaits du shiatsu Anma assis :<\/strong><br>Cette technique manuelle est l&rsquo;anc\u00eatre du Shiatsu. R\u00e9alis\u00e9 sur chaise ergonomique ou assis sur futon, le Anma Assis est un encha\u00eenement tr\u00e8s pr\u00e9cis de pressions, \u00e9tirements, percussions l\u00e9g\u00e8res \u00e0 travers les v\u00eatements.<br>Il lib\u00e8re les tensions du dos, des \u00e9paules et de la nuque, soulage les blocages musculaires et articulaires du haut du corps, permet r\u00e9duction du stress et relaxation, am\u00e9liore m\u00e9moire et concentration et favorise la pr\u00e9vention des troubles li\u00e9s au travail sur \u00e9cran.<br>Il va ainsi permettre de r\u00e9\u00e9quilibrer les \u00e9nergies de l&rsquo;organisme pour un mieux-\u00eatre physiologique et mental.<strong><br><\/strong>Dans un temps record et budget minime, les zones de tensions communes \u00e0 la plupart des personnes sont d\u00e9nou\u00e9es. La d\u00e9tente est imm\u00e9diate et\u2026 durable ! Le b\u00e9n\u00e9ficiaire se voit moins limit\u00e9 dans ses gestes, se sent plus libre, plus align\u00e9 et d\u00e9tendu.<br><\/p>\n\n\n\n<p><strong>Pr\u00e9cautions \u00e9ventuelles, signalez :<\/strong><\/p>\n\n\n\n<ul class=\"wp-block-list\">\n<li>fi\u00e8vre, signes des phl\u00e9bite, plaies, intervention chirurgicale r\u00e9cente, fracture r\u00e9cente<\/li>\n\n\n\n<li>traitements m\u00e9dicamenteux en cours<\/li>\n\n\n\n<li>grossesse (le shiatsu sera adapt\u00e9 aux femmes enceintes et aux maux de la grossesse : douleurs, sciatique, fatigue, vomissements&#8230;)<\/li>\n<\/ul>\n\n\n\n<p><\/p>\n","protected":false},"excerpt":{"rendered":"<p>\u00ab Le corps est \u00e0 l&rsquo;esprit ce que les touches d&rsquo;un piano sont \u00e0 la symphonie. \u00bb Boris Cyrulnik Shiatsu et soins \u00e9nerg\u00e9tiques humain A DOMICILE ou ACCUEIL EN CABINET : \u2013 Cabinet Espace Ressources, 105 place des Papetteries Latune \u00e0\u00a0Mirabel et Blacons 26400Le lundi \u00e0 partir de 13h, sur rendez-vous\u2013 Cabinet de CREST\u00a0: sur [&hellip;]<\/p>\n","protected":false},"author":2,"featured_media":0,"parent":0,"menu_order":0,"comment_status":"closed","ping_status":"closed","template":"","meta":{"ngg_post_thumbnail":0,"footnotes":""},"class_list":["post-373","page","type-page","status-publish","hentry"],"yoast_head":"<!-- This site is optimized with the Yoast SEO plugin v24.5 - https:\/\/yoast.com\/wordpress\/plugins\/seo\/ -->\n<title>Les s\u00e9ances : humain &#8211; AnimaOlistic<\/title>\n<meta name=\"robots\" content=\"index, follow, max-snippet:-1, max-image-preview:large, max-video-preview:-1\" \/>\n<link rel=\"canonical\" href=\"https:\/\/animaolistic.com\/site\/les-seances-humain\/\" \/>\n<meta property=\"og:locale\" content=\"fr_FR\" \/>\n<meta property=\"og:type\" content=\"article\" \/>\n<meta property=\"og:title\" content=\"Les s\u00e9ances : humain &#8211; AnimaOlistic\" \/>\n<meta property=\"og:description\" content=\"\u00ab Le corps est \u00e0 l&rsquo;esprit ce que les touches d&rsquo;un piano sont \u00e0 la symphonie. \u00bb Boris Cyrulnik Shiatsu et soins \u00e9nerg\u00e9tiques humain A DOMICILE ou ACCUEIL EN CABINET : \u2013 Cabinet Espace Ressources, 105 place des Papetteries Latune \u00e0\u00a0Mirabel et Blacons 26400Le lundi \u00e0 partir de 13h, sur rendez-vous\u2013 Cabinet de CREST\u00a0: sur [&hellip;]\" \/>\n<meta property=\"og:url\" content=\"https:\/\/animaolistic.com\/site\/les-seances-humain\/\" \/>\n<meta property=\"og:site_name\" content=\"AnimaOlistic\" \/>\n<meta property=\"article:publisher\" content=\"https:\/\/www.facebook.com\/AnimaOlistic\/\" \/>\n<meta property=\"article:modified_time\" content=\"2026-03-02T16:32:41+00:00\" \/>\n<meta property=\"og:image\" content=\"https:\/\/animaolistic.com\/site\/wp-content\/uploads\/472163334_1145796600887439_5823217983860243435_n.jpg\" \/>\n\t<meta property=\"og:image:width\" content=\"1080\" \/>\n\t<meta property=\"og:image:height\" content=\"1440\" \/>\n\t<meta property=\"og:image:type\" content=\"image\/jpeg\" \/>\n<meta name=\"twitter:card\" content=\"summary_large_image\" \/>\n<meta name=\"twitter:label1\" content=\"Dur\u00e9e de lecture estim\u00e9e\" \/>\n\t<meta name=\"twitter:data1\" content=\"7 minutes\" \/>\n<script type=\"application\/ld+json\" class=\"yoast-schema-graph\">{\"@context\":\"https:\/\/schema.org\",\"@graph\":[{\"@type\":\"WebPage\",\"@id\":\"https:\/\/animaolistic.com\/site\/les-seances-humain\/\",\"url\":\"https:\/\/animaolistic.com\/site\/les-seances-humain\/\",\"name\":\"Les s\u00e9ances : humain &#8211; AnimaOlistic\",\"isPartOf\":{\"@id\":\"https:\/\/animaolistic.com\/site\/#website\"},\"primaryImageOfPage\":{\"@id\":\"https:\/\/animaolistic.com\/site\/les-seances-humain\/#primaryimage\"},\"image\":{\"@id\":\"https:\/\/animaolistic.com\/site\/les-seances-humain\/#primaryimage\"},\"thumbnailUrl\":\"https:\/\/animaolistic.com\/site\/wp-content\/uploads\/472163334_1145796600887439_5823217983860243435_n.jpg\",\"datePublished\":\"2019-10-17T19:30:30+00:00\",\"dateModified\":\"2026-03-02T16:32:41+00:00\",\"breadcrumb\":{\"@id\":\"https:\/\/animaolistic.com\/site\/les-seances-humain\/#breadcrumb\"},\"inLanguage\":\"fr-FR\",\"potentialAction\":[{\"@type\":\"ReadAction\",\"target\":[\"https:\/\/animaolistic.com\/site\/les-seances-humain\/\"]}]},{\"@type\":\"ImageObject\",\"inLanguage\":\"fr-FR\",\"@id\":\"https:\/\/animaolistic.com\/site\/les-seances-humain\/#primaryimage\",\"url\":\"https:\/\/animaolistic.com\/site\/wp-content\/uploads\/472163334_1145796600887439_5823217983860243435_n.jpg\",\"contentUrl\":\"https:\/\/animaolistic.com\/site\/wp-content\/uploads\/472163334_1145796600887439_5823217983860243435_n.jpg\",\"width\":1080,\"height\":1440},{\"@type\":\"BreadcrumbList\",\"@id\":\"https:\/\/animaolistic.com\/site\/les-seances-humain\/#breadcrumb\",\"itemListElement\":[{\"@type\":\"ListItem\",\"position\":1,\"name\":\"Accueil\",\"item\":\"https:\/\/animaolistic.com\/site\/\"},{\"@type\":\"ListItem\",\"position\":2,\"name\":\"Les s\u00e9ances : humain\"}]},{\"@type\":\"WebSite\",\"@id\":\"https:\/\/animaolistic.com\/site\/#website\",\"url\":\"https:\/\/animaolistic.com\/site\/\",\"name\":\"AnimaOlistic\",\"description\":\"Shiatsu et \u00e9nerg\u00e9tique orientale \u00e9quin, animalier et humain\",\"publisher\":{\"@id\":\"https:\/\/animaolistic.com\/site\/#organization\"},\"potentialAction\":[{\"@type\":\"SearchAction\",\"target\":{\"@type\":\"EntryPoint\",\"urlTemplate\":\"https:\/\/animaolistic.com\/site\/?s={search_term_string}\"},\"query-input\":{\"@type\":\"PropertyValueSpecification\",\"valueRequired\":true,\"valueName\":\"search_term_string\"}}],\"inLanguage\":\"fr-FR\"},{\"@type\":\"Organization\",\"@id\":\"https:\/\/animaolistic.com\/site\/#organization\",\"name\":\"Animaolistic\",\"url\":\"https:\/\/animaolistic.com\/site\/\",\"logo\":{\"@type\":\"ImageObject\",\"inLanguage\":\"fr-FR\",\"@id\":\"https:\/\/animaolistic.com\/site\/#\/schema\/logo\/image\/\",\"url\":\"https:\/\/animaolistic.com\/site\/wp-content\/uploads\/2019\/09\/animaolistic-logo-2.png\",\"contentUrl\":\"https:\/\/animaolistic.com\/site\/wp-content\/uploads\/2019\/09\/animaolistic-logo-2.png\",\"width\":150,\"height\":150,\"caption\":\"Animaolistic\"},\"image\":{\"@id\":\"https:\/\/animaolistic.com\/site\/#\/schema\/logo\/image\/\"},\"sameAs\":[\"https:\/\/www.facebook.com\/AnimaOlistic\/\",\"https:\/\/www.instagram.com\/animaolistic\/\",\"https:\/\/fr.linkedin.com\/in\/nathalie-hilaire-12b32592\"]}]}<\/script>\n<!-- \/ Yoast SEO plugin. -->","yoast_head_json":{"title":"Les s\u00e9ances : humain &#8211; AnimaOlistic","robots":{"index":"index","follow":"follow","max-snippet":"max-snippet:-1","max-image-preview":"max-image-preview:large","max-video-preview":"max-video-preview:-1"},"canonical":"https:\/\/animaolistic.com\/site\/les-seances-humain\/","og_locale":"fr_FR","og_type":"article","og_title":"Les s\u00e9ances : humain &#8211; AnimaOlistic","og_description":"\u00ab Le corps est \u00e0 l&rsquo;esprit ce que les touches d&rsquo;un piano sont \u00e0 la symphonie. \u00bb Boris Cyrulnik Shiatsu et soins \u00e9nerg\u00e9tiques humain A DOMICILE ou ACCUEIL EN CABINET : \u2013 Cabinet Espace Ressources, 105 place des Papetteries Latune \u00e0\u00a0Mirabel et Blacons 26400Le lundi \u00e0 partir de 13h, sur rendez-vous\u2013 Cabinet de CREST\u00a0: sur [&hellip;]","og_url":"https:\/\/animaolistic.com\/site\/les-seances-humain\/","og_site_name":"AnimaOlistic","article_publisher":"https:\/\/www.facebook.com\/AnimaOlistic\/","article_modified_time":"2026-03-02T16:32:41+00:00","og_image":[{"width":1080,"height":1440,"url":"https:\/\/animaolistic.com\/site\/wp-content\/uploads\/472163334_1145796600887439_5823217983860243435_n.jpg","type":"image\/jpeg"}],"twitter_card":"summary_large_image","twitter_misc":{"Dur\u00e9e de lecture estim\u00e9e":"7 minutes"},"schema":{"@context":"https:\/\/schema.org","@graph":[{"@type":"WebPage","@id":"https:\/\/animaolistic.com\/site\/les-seances-humain\/","url":"https:\/\/animaolistic.com\/site\/les-seances-humain\/","name":"Les s\u00e9ances : humain &#8211; AnimaOlistic","isPartOf":{"@id":"https:\/\/animaolistic.com\/site\/#website"},"primaryImageOfPage":{"@id":"https:\/\/animaolistic.com\/site\/les-seances-humain\/#primaryimage"},"image":{"@id":"https:\/\/animaolistic.com\/site\/les-seances-humain\/#primaryimage"},"thumbnailUrl":"https:\/\/animaolistic.com\/site\/wp-content\/uploads\/472163334_1145796600887439_5823217983860243435_n.jpg","datePublished":"2019-10-17T19:30:30+00:00","dateModified":"2026-03-02T16:32:41+00:00","breadcrumb":{"@id":"https:\/\/animaolistic.com\/site\/les-seances-humain\/#breadcrumb"},"inLanguage":"fr-FR","potentialAction":[{"@type":"ReadAction","target":["https:\/\/animaolistic.com\/site\/les-seances-humain\/"]}]},{"@type":"ImageObject","inLanguage":"fr-FR","@id":"https:\/\/animaolistic.com\/site\/les-seances-humain\/#primaryimage","url":"https:\/\/animaolistic.com\/site\/wp-content\/uploads\/472163334_1145796600887439_5823217983860243435_n.jpg","contentUrl":"https:\/\/animaolistic.com\/site\/wp-content\/uploads\/472163334_1145796600887439_5823217983860243435_n.jpg","width":1080,"height":1440},{"@type":"BreadcrumbList","@id":"https:\/\/animaolistic.com\/site\/les-seances-humain\/#breadcrumb","itemListElement":[{"@type":"ListItem","position":1,"name":"Accueil","item":"https:\/\/animaolistic.com\/site\/"},{"@type":"ListItem","position":2,"name":"Les s\u00e9ances : humain"}]},{"@type":"WebSite","@id":"https:\/\/animaolistic.com\/site\/#website","url":"https:\/\/animaolistic.com\/site\/","name":"AnimaOlistic","description":"Shiatsu et \u00e9nerg\u00e9tique orientale \u00e9quin, animalier et humain","publisher":{"@id":"https:\/\/animaolistic.com\/site\/#organization"},"potentialAction":[{"@type":"SearchAction","target":{"@type":"EntryPoint","urlTemplate":"https:\/\/animaolistic.com\/site\/?s={search_term_string}"},"query-input":{"@type":"PropertyValueSpecification","valueRequired":true,"valueName":"search_term_string"}}],"inLanguage":"fr-FR"},{"@type":"Organization","@id":"https:\/\/animaolistic.com\/site\/#organization","name":"Animaolistic","url":"https:\/\/animaolistic.com\/site\/","logo":{"@type":"ImageObject","inLanguage":"fr-FR","@id":"https:\/\/animaolistic.com\/site\/#\/schema\/logo\/image\/","url":"https:\/\/animaolistic.com\/site\/wp-content\/uploads\/2019\/09\/animaolistic-logo-2.png","contentUrl":"https:\/\/animaolistic.com\/site\/wp-content\/uploads\/2019\/09\/animaolistic-logo-2.png","width":150,"height":150,"caption":"Animaolistic"},"image":{"@id":"https:\/\/animaolistic.com\/site\/#\/schema\/logo\/image\/"},"sameAs":["https:\/\/www.facebook.com\/AnimaOlistic\/","https:\/\/www.instagram.com\/animaolistic\/","https:\/\/fr.linkedin.com\/in\/nathalie-hilaire-12b32592"]}]}},"_links":{"self":[{"href":"https:\/\/animaolistic.com\/site\/wp-json\/wp\/v2\/pages\/373","targetHints":{"allow":["GET"]}}],"collection":[{"href":"https:\/\/animaolistic.com\/site\/wp-json\/wp\/v2\/pages"}],"about":[{"href":"https:\/\/animaolistic.com\/site\/wp-json\/wp\/v2\/types\/page"}],"author":[{"embeddable":true,"href":"https:\/\/animaolistic.com\/site\/wp-json\/wp\/v2\/users\/2"}],"replies":[{"embeddable":true,"href":"https:\/\/animaolistic.com\/site\/wp-json\/wp\/v2\/comments?post=373"}],"version-history":[{"count":76,"href":"https:\/\/animaolistic.com\/site\/wp-json\/wp\/v2\/pages\/373\/revisions"}],"predecessor-version":[{"id":2455,"href":"https:\/\/animaolistic.com\/site\/wp-json\/wp\/v2\/pages\/373\/revisions\/2455"}],"wp:attachment":[{"href":"https:\/\/animaolistic.com\/site\/wp-json\/wp\/v2\/media?parent=373"}],"curies":[{"name":"wp","href":"https:\/\/api.w.org\/{rel}","templated":true}]}}